{"id":3799,"date":"2025-02-25T15:26:34","date_gmt":"2025-02-25T14:26:34","guid":{"rendered":"https:\/\/lokitours.de\/?page_id=3799"},"modified":"2025-02-25T15:45:01","modified_gmt":"2025-02-25T14:45:01","slug":"vortraege","status":"publish","type":"page","link":"https:\/\/lokitours.de\/?page_id=3799","title":{"rendered":"Vortr\u00e4ge"},"content":{"rendered":"<p>Lass dich von den faszinierenden Erlebnissen einer unvergesslichen Reise durch Skandinavien begeistern! Wir teilen unsere einzigartigen Geschichten und Eindr\u00fccke von abenteuerlichen Van-Touren mit der Familie. Von den majest\u00e4tischen Fjorden Norwegens \u00fcber die unber\u00fchrte Natur Schwedens bis hin zu den charmanten St\u00e4dten Finnlands \u2013 jeder Vortrag ist ein Fenster in die atemberaubende Sch\u00f6nheit und Vielfalt dieser Region.<\/p>\n<p>Buch deinen Vortrag!<\/p>\n<p>Egal, ob du eine Veranstaltung, ein Seminar oder einen Workshop planst, unsere Vortr\u00e4ge sind die perfekte Erg\u00e4nzung. Du kannst uns f\u00fcr alle Anl\u00e4sse buchen, sei es f\u00fcr Messen, Van-Treffen oder Firmenveranstaltungen. Unsere Vortr\u00e4ge sind nicht nur informativ, sondern auch unterhaltsam und inspirierend \u2013 ideal, um das Fernweh zu wecken und die Reiselust zu f\u00f6rdern.<\/p>\n<p>Individuell zugeschnitten auf dein Event<\/p>\n<p>Wir bieten ma\u00dfgeschneiderte Vortr\u00e4ge an, die auf die Bed\u00fcrfnisse und Interessen deines Publikums abgestimmt sind. Ob du spezielle Themen wie nachhaltiges Reisen, Familienabenteuer oder die besten Tipps f\u00fcr Van-Liebhaber w\u00fcnschst \u2013 wir gestalten den Vortrag so, dass er perfekt zu deinem Event passt.<\/p>\n<p>Lass dich von den Erlebnissen und der Leidenschaft f\u00fcr das Reisen anstecken! Kontaktiere uns noch um mehr \u00fcber die Buchungsm\u00f6glichkeiten zu erfahren und deinen individuellen Vortrag zu planen.<\/p>\n<p>Schreib uns gern eine E-Mail!<\/p>\n","protected":false},"excerpt":{"rendered":"<p>Lass dich von den faszinierenden Erlebnissen einer unvergesslichen Reise durch Skandinavien begeistern! Wir teilen unsere einzigartigen Geschichten und Eindr\u00fccke von abenteuerlichen Van-Touren mit der Familie. Von den majest\u00e4tischen Fjorden Norwegens \u00fcber die unber\u00fchrte Natur Schwedens bis hin zu den charmanten St\u00e4dten Finnlands \u2013 jeder Vortrag ist ein Fenster in die atemberaubende Sch\u00f6nheit und Vielfalt dieser [&hellip;]<\/p>\n","protected":false},"author":1,"featured_media":0,"parent":0,"menu_order":0,"comment_status":"closed","ping_status":"closed","template":"","meta":{"_acf_changed":false,"ngg_post_thumbnail":0,"footnotes":""},"class_list":["post-3799","page","type-page","status-publish","hentry"],"acf":[],"_links":{"self":[{"href":"https:\/\/lokitours.de\/index.php?rest_route=\/wp\/v2\/pages\/3799","targetHints":{"allow":["GET"]}}],"collection":[{"href":"https:\/\/lokitours.de\/index.php?rest_route=\/wp\/v2\/pages"}],"about":[{"href":"https:\/\/lokitours.de\/index.php?rest_route=\/wp\/v2\/types\/page"}],"author":[{"embeddable":true,"href":"https:\/\/lokitours.de\/index.php?rest_route=\/wp\/v2\/users\/1"}],"replies":[{"embeddable":true,"href":"https:\/\/lokitours.de\/index.php?rest_route=%2Fwp%2Fv2%2Fcomments&post=3799"}],"version-history":[{"count":7,"href":"https:\/\/lokitours.de\/index.php?rest_route=\/wp\/v2\/pages\/3799\/revisions"}],"predecessor-version":[{"id":3819,"href":"https:\/\/lokitours.de\/index.php?rest_route=\/wp\/v2\/pages\/3799\/revisions\/3819"}],"wp:attachment":[{"href":"https:\/\/lokitours.de\/index.php?rest_route=%2Fwp%2Fv2%2Fmedia&parent=3799"}],"curies":[{"name":"wp","href":"https:\/\/api.w.org\/{rel}","templated":true}]}}